 Give k(0).
-243
Let w(d) = 45*d + 375. Determine w(-4).
195
Let j(r) = -173*r**2 - 226*r + 228. What is j(1)?
-171
Let j(a) = -4768*a - 9535. Give j(-2).
1
Let p(o) = 20*o**2 + 207*o + 371. Give p(-8).
-5
Let p(d) = -5*d**3 + 13*d**2 - 25*d + 15. Determine p(1).
-2
Let g(z) = z**2 - 50*z + 250. Give g(43).
-51
Let b(y) = y**3 - 18*y**2 + 31*y + 33. Give b(16).
17
Let a(d) = 44*d + 964. Determine a(-22).
-4
Let m(z) = -4*z**2 - 153*z - 1248. Give m(-8).
-280
Let r(x) = 99*x - 60. Give r(3).
237
Let r(v) = 602*v + 1478. Give r(-2).
274
Let o(w) = -w**3 + 27*w**2 - 22*w - 86. Calculate o(26).
18
Let r(l) = 2*l**3 - 4*l**2 + 26*l + 70. Give r(-2).
-14
Let f(j) = -j**2 - 32*j + 12. Determine f(-30).
72
Let p(a) = 19*a**2 - 227*a - 3. What is p(12)?
9
Let j(b) = 9*b**2 + 102*b + 7. Calculate j(-13).
202
Let a(s) = -s**2 - 26*s + 276. Determine a(-49).
-851
Let t(k) = -5*k**2 - 721*k - 4921. Determine t(-137).
11
Let q(s) = -4*s**2 + 231*s + 302. Calculate q(59).
7
Let l(b) = -b**2 - 497*b + 6115. Calculate l(12).
7
Let d(g) = 2*g**3 - 28*g**2 + 38*g + 113. Determine d(12).
-7
Let a(t) = 8*t + 302. Give a(-36).
14
Let s(n) = n**3 - 158*n**2 - 647*n - 160. Determine s(162).
2
Let x(i) = 319*i**2 - 21*i - 22. Determine x(-1).
318
Let x(k) = 9*k**2 - 201*k + 396. Determine x(2).
30
Let y(d) = d**2 - 13*d - 86. Determine y(-12).
214
Let c(j) = 3*j**2 + 12*j - 103. Determine c(6).
77
Let i(x) = 8*x**3 + 384*x**2 + 17*x + 809. Calculate i(-48).
-7
Let w(r) = 949*r + 5976. Determine w(-6).
282
Let g(h) = 3*h**2 - 135*h + 1319. Calculate g(31).
17
Let g(s) = -s**3 + 27*s**2 - 31*s + 133. Give g(26).
3
Let l(c) = c**2 - 1112*c + 7746. What is l(7)?
11
Let b(m) = -m**3 + 57*m**2 + 53*m + 40. Determine b(58).
-250
Let i(p) = p**3 - 25*p**2 + 144*p + 14. What is i(16)?
14
Let k(a) = 2*a**3 + 13*a**2 + 5*a + 1. Give k(-6).
7
Let x(y) = y**3 - 2*y**2 + 71*y - 224. What is x(3)?
-2
Let s(i) = -1757*i - 82589. Calculate s(-47).
-10
Let w(n) = -26138*n - 26152. Give w(-1).
-14
Let q(z) = z**2 + 55*z - 281. Determine q(-20).
-981
Let j(u) = 1660*u + 39831. What is j(-24)?
-9
Let b(h) = -h**3 + 12*h**2 + 10*h + 20. Determine b(13).
-19
Let m(z) = -z**2 + 15*z - 153. What is m(8)?
-97
Let h(i) = 112*i**2 + 40*i - 55. What is h(2)?
473
Let k(s) = s**3 - 14*s**2 + 32*s + 16. What is k(14)?
464
Let q(g) = -g**2 - 46*g + 309. Determine q(-52).
-3
Let l(k) = k**2 + 2*k + 18. Calculate l(-9).
81
Let c(j) = 1012*j + 17211. Determine c(-17).
7
Let a(g) = g**3 - 8*g**2 - 16*g - 38. Determine a(9).
-101
Let c(n) = 2*n**3 - 30*n**2 + 25*n + 42. Calculate c(14).
0
Let h(c) = c**2 + 10*c - 291. Calculate h(-24).
45
Let v(q) = -q**3 + 31*q**2 + 3*q - 136. Give v(31).
-43
Let z(k) = 11*k + 176. What is z(-18)?
-22
Let t(d) = 7*d**2 - d + 3. Give t(0).
3
Let u(y) = 221*y - 650. What is u(3)?
13
Let z(k) = 3*k**3 - 10*k**2 - 15*k + 27. Give z(4).
-1
Let l(a) = -122*a + 13. Determine l(0).
13
Let k(s) = -2*s**2 + 79*s - 755. What is k(24)?
-11
Let g(r) = -7*r**2 - 53*r + 35. Determine g(-8).
11
Let x(b) = 59*b - 2782. Determine x(47).
-9
Let l(n) = -7*n**2 + 16*n + 88. Give l(-3).
-23
Let a(s) = 349*s - 4781. What is a(14)?
105
Let j(a) = -195*a - 10921. Give j(-56).
-1
Let w(l) = 74*l + 5778. What is w(-78)?
6
Let m(u) = u**2 + 1119*u + 14372. Determine m(-13).
-6
Let w(y) = -y**2 - 52*y - 388. What is w(-9)?
-1
Let s(r) = -13*r**2 - 120*r - 3. Calculate s(-10).
-103
Let m(x) = x**3 - 18*x**2 - 9*x - 204. Give m(19).
-14
Let w(h) = h**3 - 5*h**2 + 12*h - 32. Determine w(5).
28
Let u(b) = -2*b**3 - 264*b**2 + 808*b - 191. Calculate u(-135).
79
Let t(g) = -g**3 + 199*g**2 + 2298*g + 2487. What is t(210)?
-33
Let u(v) = -11*v**2 - 2*v - 26. Determine u(3).
-131
Let h(u) = -21*u - 1220. Determine h(-57).
-23
Let n(t) = t**3 + 26*t**2 + 52*t + 132. Calculate n(-24).
36
Let h(d) = -d**2 - 284*d - 11516. Calculate h(-49).
-1
Let i(x) = x**3 - 26*x**2 - 74*x + 497. Calculate i(28).
-7
Let r(c) = -636*c**2 - 72*c + 73. What is r(1)?
-635
Let f(d) = -d - 198. Calculate f(16).
-214
Let v(g) = -g**2 + 6*g - 5. Calculate v(-3).
-32
Let c(a) = -1066*a - 2217. Give c(-2).
-85
Let j(u) = -4*u**2 + 44*u + 122. Determine j(14).
-46
Let m(t) = t**3 - 23*t**2 + 80*t + 33. Calculate m(5).
-17
Let l(a) = -6*a - 335. What is l(-56)?
1
Let d(h) = -h**3 + 19*h**2 - 38*h + 716. What is d(19)?
-6
Let l(f) = 2*f**3 + 39*f**2 - 64*f - 17. Give l(-21).
4
Let c(f) = 2*f**2 + 381*f + 7262. What is c(-169)?
-5
Let n(x) = 103*x - 82. Calculate n(1).
21
Let z(y) = -2*y**2 + 16*y + 5. What is z(9)?
-13
Let m(d) = -d**2 + 54*d + 1. Calculate m(1).
54
Let s(v) = -43*v - 3852. What is s(-83)?
-283
Let d(o) = o**3 - 19*o**2 + 20*o - 61. Calculate d(18).
-25
Let y(i) = -28*i**2 - 8*i + 42. Give y(3).
-234
Let d(l) = 38*l - 3420. What is d(90)?
0
Let r(s) = 68*s - 267. What is r(8)?
277
Let b(w) = 19*w**2 + 312*w + 416. Give b(-15).
11
Let b(p) = -4*p**2 - 49*p - 243. Determine b(-7).
-96
Let v(x) = 335*x - 694. Give v(2).
-24
Let g(o) = 22*o + 114. Give g(-4).
26
Let t(o) = -9*o**3 - 15*o**2 + 16*o. Determine t(1).
-8
Let p(m) = -4*m**2 - 6*m + 167. Give p(6).
-13
Let k(g) = 9555*g - 277094. Give k(29).
1
Let k(a) = 76*a**2 - 13*a - 3. What is k(1)?
60
Let p(t) = -586*t - 17586. Determine p(-30).
-6
Let u(o) = -83*o + 672. Calculate u(8).
8
Let r(g) = -5*g + 85. Give r(19).
-10
Let z(y) = 24*y + 18. Give z(-6).
-126
Let j(h) = h**3 + 24*h**2 + 42*h + 474. Calculate j(-23).
37
Let v(i) = -2*i**2 + 61*i + 34. Calculate v(31).
3
Let j(y) = -y**2 - 369*y - 13318. Give j(-41).
130
Let y(f) = f**2 - 28*f - 4027. Give y(79).
2
Let f(i) = i**2 + 58*i + 638. Calculate f(-13).
53
Let q(m) = -295*m + 275. Calculate q(1).
-20
Let l(t) = 309*t + 7680. Determine l(-25).
-45
Let y(c) = -3*c**3 + 400*c**2 - 915*c - 233. Determine y(131).
29
Let q(p) = 2*p**3 - 14*p**2 - 190*p - 81. Determine q(14).
3
Let j(o) = -2*o**2 - 32*o - 10. Determine j(-7).
116
Let k(g) = -g**3 + 108*g**2 - 1552*g + 429. Determine k(91).
-26
Let x(d) = -d**2 - 16*d - 92. What is x(-13)?
-53
Let d(x) = 7*x**2 + 20*x + 5. Determine d(2).
73
Let v(d) = d**3 + 15*d**2 + 31*d + 8. Determine v(-10).
198
Let s(i) = 2*i**3 + 26*i**2 + 23*i - 20. Give s(-12).
-8
Let x(r) = -45*r - 586. Calculate x(-14).
44
Let u(m) = 2*m**2 + 109*m + 1095. Give u(-41).
-12
Let g(k) = 37*k - 306. Give g(8).
-10
Let n(b) = -5*b**2 + 8*b + 19. Give n(4).
-29
Let r(u) = 2*u - 241. Determine r(48).
-145
Let p(v) = -v**3 - 50*v**2 + 69*v + 753. Determine p(-51).
-165
Let c(u) = -7*u**2 - 441*u + 1331. Determine c(3).
-55
Let g(m) = -m**2 + m + 255. Calculate g(-16).
-17
Let t(w) = w**3 + 9*w**2 + 4*w - 68. Determine t(-7).
2
Let b(t) = -70*t - 281. What is b(-2)?
-141
Let f(i) = i**2 - 2*i + 110. Give f(0).
110
Let h(a) = -a**2 + 51*a + 318. What is h(-6)?
-24
Let j(v) = -144*v - 5326. What is j(-37)?
2
Let n(z) = -2*z**2 + 50*z - 515. Determine n(16).
-227
Let h(v) = -76*v - 4870. Give h(-64).
-6
Let y(q) = -16*q + 215. Give y(13).
7
Let g(r) = -r**2 + 17*r + 147. Calculate g(-6).
9
Let s(y) = 3*y**2 - 838*y - 6742. What is s(-8)?
154
Let h(d) = -d**3 - 41*d**2 - 80*d - 87. What is h(-39)?
-9
Let w(x) = 26*x + 458. Determine w(-17).
16
Let j(c) = -c**3 - 8*c**2 + 16*c - 6. Give j(2).
-14
Let w(f) = -2*f**3 + 30*f**2 - 185*f + 491. Calculate w(6).
29
Let q(u) = 32*u**2 + u - 8. Determine q(0).
-8
Let g(t) = -t**3 + 32*t**2 + 68*t + 80. Calculate g(34).
80
Let y(i) = -4*i**3 + 72*i**2 + 2*i - 61. Give y(18).
-25
Let s(x) = 10*x**2 - 10*x + 2. Calculate s(1).
2
Let t(a) = 6*a**3 - 63*a**2 - 48*a + 124. What is t(11)?
-41
Let j(l) = 2*l**2 - 6*l - 120. Determine j(9).
-12
Let m(z) = 4*z**2 + 147*z - 519. What is m(-40)?
1
Let i(j) = 432*j - 74. Give i(0).
-74
Let x(q) = -3*q**2 - 2*q - 10. Calculate x(-4).
-50
Let w(c) = -c**3 + 6*c**2 - 7. Determine w(6).
-7
Let f(l) = 40*l - 2857. Give f(71).
-17
Let u(z) = 4*z**2 - 43*z - 203. Give u(15).
52
Let f(c) = -c**3 - 9*c**2 + 154*c + 13. Give f(-18).
157
Let j(y) = -y**2 - y + 14. What is j(-3)?
8
Let n(s) = s**3 - 20*s**2 + 86*s - 13. What is n(7)?
-48
Let v(j) = 12312*j + 295481. Give v(-24).
-7
Let b(o) = -8*o - 45. Calculate b(5).
-85
Let v(d) = d**3 + 69*d**2 - 147*d - 290. What is v(-71)?
65
Let w(c) = 401*c + 8014. Determine w(-20).
-6
Let o(q